ose -3*t + 12 = 5*d, 0 = d + 3*d + 2*t - 10. Let p be 0/((0 - d)/(-3)). Let l(s) = -s**3 - s**2 - s + 4. Calculate l(p).
4
Let q(b) = -2*b**3 + 2*b**2 - 4*b + 2. Suppose -69*y + 4 = -67*y. Give q(y).
-14
Suppose -2*g + 1 = -1. Let x be g + 2 + 4 + -3. Let c(o) = -o**3 + 5*o**2 - 6*o + 5. Calculate c(x).
-3
Let a(v) = v**2 - v - 2. Let h = 9 - 8. Let c be (8/6)/(h/(-3)). Let b = -6 - c. Determine a(b).
4
Let h(t) = 2*t + 2*t + 8 - 2 - 3*t. Give h(-3).
3
Let j(v) = -v - 1. Let h be j(-4). Suppose -3*o - h*k + 21 = 0, 2*k - 16 = -4*o + k. Let p(x) = -x + 2. Let i be p(o). Let s(y) = -7*y - 1. Determine s(i).
6
Let t(p) be the first derivative of 4*p**3/3 - p**2/2 + p + 7. Let i = -2 + 1. Let b = i + 2. Give t(b).
4
Let q(u) = 5*u**3 + u**2 - u. Let a be q(1). Let m(k) be the second derivative of k**3/6 - 9*k**2/2 - 2*k. Give m(a).
-4
Let t(n) = -n**3 - n**2 - n + 4. Let b = -9 + 11. Suppose 0 = -b*z - z. What is t(z)?
4
Let b(d) = -d**3 - 3*d**2 + 3. Let n(l) = l**3 + 7*l**2 - 4*l + 6. Let s be n(-7). Let u be s/(-10) - 2/(-5). Calculate b(u).
3
Let j = 3 + -7. Let d(r) = -r - 3. Let s be d(j). Let y(n) = 4*n**3 - n**2 - n + 1. Determine y(s).
3
Let m = -1 + 4. Let s(w) = -m*w**2 - w**3 + 3*w**2 + 1. What is s(1)?
0
Let a(t) = -t**2 + 3*t + 2. Let h = 45 - 42. Give a(h).
2
Suppose -5*t - 22 = 13. Let j(g) = -7*g. Let n(m) = -15*m + 1. Let b(z) = t*j(z) + 3*n(z). Calculate b(-2).
-5
Let d(h) = 3*h - h - h. Determine d(-3).
-3
Suppose 0 = 4*o - 8*o + 12. Suppose t + 4*m = m + 20, o*t - 3*m = 0. Let x(y) be the first derivative of y**4/4 - 2*y**3 + 5*y**2/2 + 4*y + 2. Calculate x(t).
4
Let d be (-2)/(-3)*6 - -3. Let p(l) = 1 - 7 + l + 5 - d. Calculate p(4).
-4
Let d(y) = y - 2. Let h(x) = x**2 + 5*x + 5. Let p be h(-5). Suppose 26 = 3*u + p. Calculate d(u).
5
Let u(f) = -f**3 + 4*f**2 - f + 2. Let d = 1 + 2. Let j(q) = -5*q**2 - q + q**d - 4*q**3 + 4*q**3 - 2 + 3*q. Let h(r) = -6*j(r) - 7*u(r). Calculate h(-3).
4
Suppose -1 = -2*g + 3. Let a(c) = c**g + 3*c**2 + 0*c**2 - 3*c - 5*c**2. Give a(-2).
2
Let c(t) = 7*t + 0*t + t**2 - 2*t - 1. What is c(-4)?
-5
Let d be (-1)/1 - -1*1. Let l = d + 0. Let y(n) = -n**3 + 3*n**2 + n. Let r(o) = 5*o**3 - 16*o**2 - 5*o. Let v(u) = 2*r(u) + 11*y(u). Calculate v(l).
0
Let o(f) be the third derivative of -f**6/120 + f**5/15 + 5*f**4/24 - f**3/2 - 32*f**2. What is o(5)?
-3
Let d(t) = -t**2 - 5*t + 6. Let p(b) = b**2 + 4*b - 5. Let o(x) = -4*d(x) - 5*p(x). What is o(-3)?
-8
Let x(h) = -2*h**2 - 7*h + 6. Let m(l) = -l**2 - 6*l + 5. Let q(p) = -3*m(p) + 2*x(p). Suppose -8*z + 1 = -15. Calculate q(z).
1
Suppose -2*t - 8 = -0. Let f(s) = 3*s**2 + s - 9. Let v(n) = -7*n**2 - 2*n + 19. Let r(x) = t*v(x) - 9*f(x). Give r(0).
5
Suppose 0 = -5*m + 12 - 2. Suppose 2*w + m*w = 16. Let d(j) = -3*j - 8. Let n(c) = c + 4. Let f(s) = 2*d(s) + 5*n(s). Determine f(w).
0
Let p(i) = i**3 - 6*i**2 + 6*i - 12. Let n be p(5). Let v be (-2 - -4)/2 + n. Let g(h) = -h**3 - 7*h**2 - 9*h - 7. Give g(v).
11
Let t(y) = -y - 1. Let v be 1/(-4)*-3*4. Suppose 0 = -v*l + l + 30. Suppose 2*i = 5*i - l. Calculate t(i).
-6
Let d(w) = -3*w**3 - 15*w**2 - 13*w - 21. Let k(m) = -2*m**3 - 10*m**2 - 9*m - 14. Let u(f) = -5*d(f) + 7*k(f). Calculate u(-5).
-3
Let b be 23/92*(-3 + -1). Let m(u) = 3*u**2 + 4*u - 2*u**2 - 2*u. Calculate m(b).
-1
Suppose -20 = -4*t, -4*t + 3*t + 12 = a. Suppose -3*w + 2 = -a. Let n(v) = -2 + w*v + 3*v - 5*v + v**2. Give n(-3).
4
Suppose -4*v + 3*u = -2*u - 86, 4*u = 8. Let c be v/8 + 2/2. Let b(t) = 2*t**2 - 6*t + 1. What is b(c)?
9
Let k(n) = n**3 + n**2 - n. Let g be k(0). Let a(x) = 20 + 0*x - 45 - x + x**2 + 20. Determine a(g).
-5
Let c = 6 - 4. Let o(n) = -n**3 + 8*n - 1 + 2*n**3 + 2*n**c - 14*n. Determine o(-4).
-9
Let p(l) = -l**2 + 11*l + 6. Let c be p(11). Let j(o) = -3*o + 1. Calculate j(c).
-17
Let b = -17 - -29. Let u = b - 12. Let o(v) = -1 - 1 + 12 - v. Determine o(u).
10
Suppose 9*l - 13*l = 8. Let q(x) = -2*x**2 - x. Calculate q(l).
-6
Let c(h) be the second derivative of h**7/2520 + h**6/120 - h**5/20 - h**4/3 - 4*h. Let v(o) be the third derivative of c(o). What is v(-6)?
-6
Let k(j) = -6*j - 1. Suppose 2*h - 3*x = 21, h + 0*h = 3*x + 18. Determine k(h).
-19
Let l(p) = 15*p**2 + 8. Let a(c) = 5*c**2 + 3. Let t(v) = -11*a(v) + 4*l(v). Give t(-1).
4
Let g(a) = a**2 + 10*a + 3. Let y be g(-10). Let o(t) = -3 - 6*t + y*t + 4*t. What is o(0)?
-3
Let h(t) = -6*t - 1. Suppose -3*v + 3*l = -2*v + 17, -3*v = -4*l + 26. Determine h(v).
11
Let j(g) = g**3 - 8*g**2 - 8*g - 9. Let p be j(9). Suppose z + 2*v = 3*z + 2, 4*v = p. Let n(q) = -5*q**2 - q - 1. Give n(z).
-5
Let b(d) = -1. Let f(c) = -3*c - 3. Let z(v) = -6*b(v) + 2*f(v). Determine z(2).
-12
Let v = -18 + 19. Let p(q) = 9*q**3 - 2*q**2 + 2*q - 1. Calculate p(v).
8
Let c(j) = 90*j - 26*j + 3 - 30*j - 35*j. Calculate c(6).
-3
Let z(y) = -5*y + y - 12 + 5*y + y. Calculate z(8).
4
Let d(s) = -s + 5. Let t = 181 + -186. Determine d(t).
10
Let f(c) = 1 - 5 + 0 - c. Let d be f(-7). Let l(m) = m**3 - m**2 - 5*m + 3. Determine l(d).
6
Let i = -37 - -72. Let m(a) = i - 35 + 4*a. Give m(1).
4
Let j(s) = -s**3 + 12*s**2 + 15*s - 22. Let t be j(13). Let v(u) = -2*u**2 + 7*u - 4. What is v(t)?
-8
Let s(b) = -6*b - 3. Let i = 7 + -9. Let u be s(i). Let d(q) = q - 3*q - 4 + 3 - u*q**2. Determine d(-1).
-8
Let i = -3 - -1. Let y(u) be the first derivative of -5*u**2/2 - 3*u - 2. Determine y(i).
7
Let j(s) be the third derivative of -s**5/60 - s**4/8 - s**3/3 - s**2. Let i = -790 + 787. What is j(i)?
-2
Let n(v) = -v. Let u(q) = -9*q - 11. Let l(s) = 2*n(s) - 2*u(s). Let y(i) = 5*i + 7. Let f(z) = -3*l(z) + 10*y(z). What is f(-4)?
-4
Let k(p) = p**2 + 4*p + 1. Let z be (-16)/(-88) - (-31)/11. Let s be (0 + -2)/((-1)/4). Suppose z*o + s = o. Give k(o).
1
Let u(m) = -m**3 - m**2 - 8. Let x(q) = 3*q + 3. Let z be x(-1). Calculate u(z).
-8
Let m(f) be the third derivative of 5*f**2 + 0 - 1/2*f**3 - 1/12*f**4 + 0*f. Suppose -5 = 3*x + 7. Calculate m(x).
5
Let x(n) = -n**3 + n + 1. Let l(y) = y**2 + 3*y + 2. Let i be l(-3). Determine x(i).
-5
Let l(m) = -9*m**2 + 2*m + 1. Suppose 0*q - 2*q + 6 = 0. Suppose -4*i + q*i = f - 2, 2*i + 2 = f. Suppose -f = -4*d - 6. Determine l(d).
-10
Let f = 9 - 11. Let m(w) = w**2 + w + 2. Calculate m(f).
4
Let z(k) = k + 2. Let d be z(3). Let b(q) = q + 2. Let t be b(0). Let w(n) = -t*n + 5*n**2 + 2*n - 3*n - n**3 + 2*n. Give w(d).
-5
Let w(j) = -2*j**2 + 1. Let k(d) = d**2 - 5*d - 3. Let f be k(6). Suppose 2*s = f*s. Suppose p - 1 = -s. Calculate w(p).
-1
Let f(q) = 2*q**2 + 4*q + 2. Let c = -4 + 5. Let r be -1 - c - (3 + -1). Let g be (r/(-6))/((-1)/3). Calculate f(g).
2
Suppose -13 = -4*a + 5*s, -2*a + 6 = 3*a + 4*s. Let r = 7 + -4. Let n be a/(-4)*(-1 + r). Let h(t) = 10*t + 1. What is h(n)?
-9
Suppose 0*f - 15 = -3*f. Let y(h) = 7*h - h**2 + 0*h**2 - h**2 - f + h**2. Determine y(4).
7
Let a = -7 + 9. Suppose -a*q - q - 12 = 0. Let k(t) = t**3 + 3*t**2 - 3*t + 2. Determine k(q).
-2
Let o(y) be the first derivative of y**4/4 - 7*y**3/3 + 7*y**2/2 - 8*y + 8. Let l(q) = q + 1. Let z be l(5). Calculate o(z).
-2
Let h(s) = s**2 - 3*s + 4. Let n(j) = 5*j**2 - 12*j + 17. Let o(q) = 9*h(q) - 2*n(q). Let i be (6 + -2)*(18/(-8) + 1). What is o(i)?
-8
Let x(r) be the third derivative of r**5/60 + 5*r**4/24 + r**3/2 - 4*r**2. What is x(-3)?
-3
Let x(q) = q + 6. Let g be x(-10). Let l(y) = 2*y**2 + 11*y - 5. Let t(c) = c**2 + 6*c - 2. Let h(o) = -3*l(o) + 5*t(o). Determine h(g).
1
Let y(c) = -4*c**3 + c**2 - c + 3. Let w(r) = -8*r**3 + r**2 - 2*r + 5. Let g(x) = -3*w(x) + 5*y(x). Let q be (-2)/(0 - (-2)/1). Determine g(q).
-3
Let u(s) be the second derivative of 2*s**4/3 + s**3/6 + s**2/2 - 3*s. Give u(-1).
8
Let h(f) = -7*f**2 - 7. Let q(w) = -10*w**2 - 10. Let a(z) = -7*h(z) + 5*q(z). Calculate a(-2).
-5
Let f(m) = 13 - m**3 - 23 + 9. Calculate f(0).
-1
Let h = 5 - 3. Let k = -3 - h. Let n(b) = -2*b - 4. What is n(k)?
6
Let p(a) be the third derivative of a**4/24 - a**3/6 - 21*a**2. Determine p(-4).
-5
Let h(d) = -d**3 - 4*d**2 - 11*d - 6. Let q be 9/(-12) + (-94)/(-8). Let w(n) = n**2 + 2*n + 1. Let a(p) = q*w(p) + 2*h(p). Determine a(2).
-5
Let q(b) = -3*b + 5. Suppose 2*v + 0 + 8 = 2*j, -10 = v - 3*j. Let g be -1 + -1 + (-1)/v. Let s(p) = -1. Let c(r) = g